00010102?
-1200010022
In base 3, what is -1101012100 - -10?
-1101012020
In base 16, what is -ba00 - -26?
-b9da
In base 11, what is 12 - -44a5?
4507
In base 5, what is 41133 - -1223?
42411
In base 4, what is 122 + 13033?
13221
In base 2, what is -110100100101010110111 + 0?
-110100100101010110111
In base 16, what is -25b802 - -4?
-25b7fe
In base 4, what is 2113233 + -221?
2113012
In base 12, what is 4 - 59769?
-59765
In base 6, what is 453 - 153131?
-152234
In base 15, what is a27 + 16a?
b92
In base 4, what is 21100 - 21321?
-221
In base 12, what is 2 - -5019?
501b
In base 5, what is -10213143 - 10?
-10213203
In base 10, what is 348 - 167?
181
In base 4, what is -10 + -2333311210?
-2333311220
In base 6, what is 413034 - 10?
413024
In base 4, what is -3 + -2113233321?
-2113233330
In base 12, what is -76 - 3aaa?
-3b64
In base 4, what is 12013 + 1031?
13110
In base 16, what is 2 - -3eec3?
3eec5
In base 13, what is -1749027 - -1?
-1749026
In base 15, what is -91 - 8be?
-960
In base 10, what is -7 - 1339?
-1346
In base 4, what is 13131122 + 11?
13131133
In base 8, what is 24 - -441403?
441427
In base 4, what is -3120 + 101023?
31303
In base 8, what is -42171 + 3?
-42166
In base 3, what is -1000 + 11222110?
11221110
In base 6, what is -4 + 1135244?
1135240
In base 3, what is -1101 + 101012?
22211
In base 10, what is -451 - -106?
-345
In base 6, what is 202 + -31554?
-31352
In base 2, what is -101 - -11010101010111100?
11010101010110111
In base 6, what is -2455242 - 1?
-2455243
In base 4, what is -12112 + -121332?
-200110
In base 3, what is -1 - -2122121?
2122120
In base 7, what is -331551 + 22?
-331526
In base 11, what is -371 - 3482?
-3843
In base 7, what is 20004 - 5?
16666
In base 4, what is 102223200301 + -10?
102223200231
In base 12, what is 5383 + 29?
53b0
In base 14, what is 10ac7 + 1?
10ac8
In base 5, what is -103 - -2432?
2324
In base 16, what is 5c1f2 + 4?
5c1f6
In base 4, what is 221 - 10222303?
-10222022
In base 8, what is 114 - -4657?
4773
In base 9, what is 87 - -10?
107
In base 11, what is 1 + -3a267?
-3a266
In base 11, what is -3 + -1695?
-1698
In base 3, what is -11 - -1210102001?
1210101220
In base 2, what is -1001110 - 101110100?
-111000010
In base 8, what is 5 + -1167332?
-1167325
In base 9, what is 0 + 384010?
384010
In base 15, what is 3 - 4dc?
-4d9
In base 7, what is -45645 + -3?
-45651
In base 4, what is -111002130 - -2?
-111002122
In base 16, what is -16 + 48c?
476
In base 16, what is 3 - 199d?
-199a
In base 7, what is 6055 - -1352?
10440
In base 8, what is -5 - -157600?
157573
In base 16, what is 25 + -371?
-34c
In base 13, what is -124935 + -3?
-124938
In base 12, what is 66a8 + 32?
671a
In base 11, what is 3743989 - -5?
3743993
In base 4, what is -2020133 + 10?
-2020123
In base 16, what is -7 - 6b1?
-6b8
In base 9, what is 474 + 107?
582
In base 6, what is -2010135 + 33?
-2010102
In base 10, what is 0 - 764?
-764
In base 13, what is 5165 - 11?
5154
In base 14, what is -30d + -63d?
-94c
In base 11, what is 63947 - 4?
63943
In base 11, what is -27 + 8689?
8662
In base 12, what is -1396 + -2?
-1398
In base 13, what is -5 + 571b?
5716
In base 16, what is 1fb2 - -40?
1ff2
In base 10, what is 6 + 15384?
15390
In base 12, what is 465b + 0?
465b
In base 8, what is 25576 - 2?
25574
In base 16, what is 2f08 - 4?
2f04
In base 14, what is -d374 - -12?
-d362
In base 11, what is 6 - -89a0?
89a6
In base 7, what is -1 - 22134?
-22135
In base 13, what is -20b9 - -5?
-20b4
In base 4, what is 3111 - 2112?
333
In base 16, what is -60215 - 3?
-60218
In base 9, what is 1 - 126506?
-126505
In base 4, what is 223130220 - -12?
223130232
In base 2, what is -1101 - 11010010001011100?
-11010010001101001
In base 12, what is 118 + -10?
108
In base 8, what is -4 - 2507710?
-2507714
In base 6, what is -1524 + 20?
-1504
In base 12, what is -1 - -6306?
6305
In base 4, what is 11122103222 - -2?
11122103230
In base 4, what is 23331 + 1231?
31222
In base 4, what is 11331303 + 1?
11331310
In base 4, what is -10111031000 - -11?
-10111030323
In base 2, what is 1110 + -11010001100100?
-11010001010110
In base 16, what is ed - -8a9?
996
In base 12, what is 0 - -1930?
1930
In base 8, what is -4 + -6372?
-6376
In base 5, what is 14 - 20244?
-20230
In base 5, what is -1 - -122202?
122201
In base 3, what is -22 + -202220220?
-202221012
In base 12, what is 0 - 1446a?
-1446a
In base 10, what is 5 + 221832?
221837
In base 9, what is -1 - 1254615?
-1254616
In base 10, what is -7 + -5066?
-5073
In base 2, what is 0 - 11000011100001101?
-11000011100001101
In base 15, what is -c0 - 7dc?
-8ac
In base 9, what is 1201865 - -5?
1201871
In base 5, what is 134 - 22211?
-22022
In base 12, what is 193 - 396?
-203
In base 9, what is 741 + 41?
782
In base 13, what is -c61 - 435?
-1396
In base 15, what is -5a405 + 5?
-5a400
In base 3, what is 1 + -101110022102?
-101110022101
In base 15, what is 1 - 526c4?
-526c3
In base 16, what is 5 + 589f?
58a4
In base 15, what is 2160 - -b?
216b
In base 16, what is 4ef + -2a6?
249
In base 10, what is -387614 - 0?
-387614
In base 11, what is -15 - 67?
-81
In base 3, what is -1010122 - 221010?
-2001202
In base 16, what is 1 + -3605?
-3604
In base 9, what is -14 + -41031?
-41045
In base 4, what is 23 + -10212202?
-10212113
In base 12, what is 1b789 - 3?
1b786
In base 4, what is 1310211 + 101?
1310312
In base 7, what is 15 - 11064?
-11046
In base 3, what is 10120110102 - 10?
10120110022
In base 14, what is -4 + 23aaa?
23aa6
In base 9, what is 135 - -350?
485
In base 4, what is -31 + 101110231?
101110200
In base 6, what is 130 - 45105?
-44535
In base 12, what is -2976 + 1?
-2975
In base 15, what is 115 + 3a?
150
In base 4, what is -3133 + -2103?
-11302
In base 2, what is 10 + -100010001111101?
-100010001111011
In base 3, what is -1 + -221200110?
-221200111
In base 3, what is 12101 - 1212101?
-1200000
In base 9, what is -4 - 1602533?
-1602537
In base 8, what is 4 + 1104340?
1104344
In base 13, what is 425 - -115?
53a
In base 5, what is 3 - 2202433?
-2202430
In base 7, what is 1021210 + -4?
1021203
In base 3, what is -10 - -202120?
202110
In base 16, what is 184 - 1?
183
In base 8, what is 0 + -2551241?
-2551241
In base 2, what is -111000000111110110 + -11?
-111000000111111001
In base 6, what is 23 + 1223?
1250
In base 9, what is 1525414 - -5?
1525420
In base 13, what is -3 + 43732?
4372c
In base 7, what is -1260 + -243?
-1533
In base 4, what is 11 - -2002022032?
2002022103
In base 9, what is -651 - 7?
-658
In base 12, what is 7a8a + -52?
7a38
In base 2, what is 10011101111010001101 + 1?
10011101111010001110
In base 16, what is 60a + -3?
607
In base 13, what is 16 + -14946?
-14930
In base 8, what is 1 - -125531?
125532
In base 12, what is 3 - 3948b?
-39488
In base 13, what is -66c + -3?
-672
In base 16, what is 2 - -12945?
12947
In base 14, what is 158886 - 3?
158883
In base 13, what is 1142b + -32?
113c9
In base 9, what is 141 + -157?
-16
In base 11, what is -33396 - 1?
-33397
In base 4, what is 130001 - -312?
130313
In base 9, what is 11750 - 61?
11678
In base 13, what is -32 + -1677a?
-167ac
In base 4, what is 11 + -321103012?
-321103001
In base 2, what is -1100100011000111101001 + -11?
-1100100011000111101100
In base 13, what is 1c0b2 - 1?
1c0b1
In base 11, what is 0 + 1904?
1904
In base 7, what is 0 + -1644564?
-1644564
In base 4, what is -232032 + 112?
-231320
In base 16, what is -e + -477b?
-4789
In base 15, what is -1 + 184d?
184c
In base 11, what is -11 - 154?
-165
In base 3, what is -12 + -12112011011?
-12112011100
In base 8, what is 3 - -151702?
151705
In base 12, what is -200 - 66?
-266
In base 8, what is 1 - 551137?
-551136
In base 3, what is 2000120111 - -2?
2000120120
In base 5, what is 0 - -134014?
134014
In base 9, what is 366 + 43?
420
In base 2, what is 100101001011 - 11001?
100100110010
In base 13, what is 39bc + 22?
3a11
In base 7, what is 400 - 133101?
-132401
In base 9, what is -14123 - 16?
-14140
In base 16, what is 7dcfb - -2?
7dcfd
In base 5, what is -20420 - -322?
-20043
In base 16, what is -124fb - 3?
-124fe
In base 9, what is -458 + -432?
-1001
In base 9, what is -17 - -2055?
2037
In base 16, what is -2 - 127f1?
-127f3
In base 16, what is -6b - -16c?
101
In base 2, what is -1 - -1010011001001000?
1010011001000111
In base 11,